value of (7 - 13) + 0 + (2 - -5)?
1
What is -2 + 4 + (4 - 8)?
-2
2 + 5 - (1 + 2)
4
Evaluate -10 + 6 - -1 - 0.
-3
What is the value of -2 - ((3 - -7) + -8)?
-4
What is the value of -23 + 18 - (2 + -5)?
-2
Calculate 6 + 6 + -15 + -7.
-10
-1 + -4 + -1 + 3
-3
What is the value of 4 - ((-2 - (-2 - 1)) + -2)?
5
Calculate -6 + -3 - (2 - 9).
-2
Evaluate 8 - (5 - 1) - 5.
-1
What is the value of -16 + 1 + 12 + 7?
4
Evaluate 1 + -4 + 2 - 0.
-1
Evaluate (5 - 8) + -4 + 2.
-5
Calculate (-10 - -20) + -11 - -6.
5
Calculate (-1 - -5) + -3 + 3 + -2.
2
What is -2 + (-3 - (-1 + -2)) + -1?
-3
Calculate 3 - ((-6 - 0) + 10 + -6).
5
Calculate 9 + (-16 - -8) - (0 - 1).
2
What is the value of 2 - (3 + -4 - -5)?
-2
Evaluate -9 + 4 + 0 + 4.
-1
Evaluate -15 + 4 + 1 - -7.
-3
Evaluate (-4 - -1) + 3 + 2.
2
What is 5 + 3 + 2 + 9 + -10?
9
What is (-1 - (0 + 2)) + (17 - 12)?
2
Evaluate -9 + 18 + 7 + -20.
-4
What is -14 - -9 - ((-13 - -2) + 1)?
5
What is -24 - -20 - (-4 - -3)?
-3
Evaluate -1 + (0 - 1) + -11 + 14.
1
What is (4 - (-2 + (-1 - -1))) + -3?
3
Calculate -1 + -2 + 5 + 0 + 4.
6
What is the value of -1 + 8 + -2 + (0 - 0)?
5
1 - (-2 - ((-5 - -3) + 2))
3
Evaluate (6 - (7 - -2)) + 5.
2
Calculate -21 - -18 - (-7 + 3 - 0).
1
Evaluate 4 - (0 + -4 + 0 + 1).
7
12 + -5 + (-2 - 4)
1
What is the value of -1 + 3 + 4 + -4?
2
What is -4 + 9 - (-9 + 3 - -6)?
5
Calculate -12 - ((-5 - -6) + -7 + 1).
-7
6 - (4 - (-2 - -1) - 1)
2
Evaluate 4 + (0 + -4 + -1 - 2).
-3
-5 + 1 + 0 + 5
1
-1 - (-4 + 0 + 2 - -6)
-5
Evaluate (-6 - -1) + -1 + (-4 - -6).
-4
Evaluate -4 + 1 - (5 + (-1 - 8)).
1
(-3 + -4 - 1) + 15
7
Calculate 9 - (-7 + (20 - 8)).
4
What is 13 + -3 + -4 - (-2 + 2)?
6
-2 + 4 + -3 - (-4 - 0)
3
Calculate -4 + (3 - (-2 - -1)) + 0.
0
-6 - -1 - (2 - 4) - 1
-4
Evaluate -4 + -5 - -10 - -10.
11
What is the value of 4 + (-2 - 6) + -1?
-5
What is -2 - (0 + 1 + (-16 - -18))?
-5
Calculate -5 - (-1 - (8 - -1)) - 1.
4
What is 0 + 6 + -5 + (-2 - -5)?
4
Evaluate -19 + 39 + -12 - (0 - 0).
8
Calculate 4 - (13 - (1 - (-5 + 4))).
-7
What is the value of -2 - (-1 + (-3 - -6) - 5)?
1
What is the value of -6 + (0 - -8) + -5 - -10?
7
Calculate (4 - 3) + 1 + -1.
1
What is 8 - 3 - 20 - -8?
-7
What is the value of 0 - (5 - 6 - -3)?
-2
What is (8 - 5) + -10 + 4?
-3
Calculate 1 - -2 - (14 + -7).
-4
-10 + (6 - -5) - 9
-8
What is (161 - 161) + 0 + 1?
1
-1 - (-11 + -10 + 17)
3
What is -6 - (-5 + 5 + -2 + -7)?
3
Calculate -16 + 4 + (13 - 11).
-10
What is the value of -3 + -4 + 2 - (-3 + 5)?
-7
What is the value of 6 + -5 + 2 + -7?
-4
Calculate -12 - -8 - (-7 + 1) - 3.
-1
Evaluate (5 + -3 - 1) + 0.
1
Calculate 17 + -20 + (2 - (1 + -2)).
0
Calculate 4 + (4 - -2) + -4.
6
What is the value of (0 - -4 - 6) + -1 + 9?
6
Evaluate 1 - -3 - (-22 + 9 + 18).
-1
Calculate -1 + 4 + (2 - 0).
5
Calculate (-3 - -8) + 1 + (-20 - -18).
4
-1 - 0 - (-11 + 12)
-2
Evaluate -7 - (-15 - -5 - -4).
-1
Evaluate (0 - (-6 + 14 + -2)) + 6.
0
Calculate (6 - (-1 - -2)) + -6.
-1
Calculate 5 + (1 + -5 - 3) + 8.
6
What is 6 + -6 - (-5 + 13)?
-8
Calculate 7 - ((3 - 0) + 0).
4
What is the value of -1 + 8 + 3 - 7?
3
6 + 2 + -20 + 10
-2
Evaluate -11 + 3 - (0 - (3 - -1)).
-4
What is (7 - 4 - 5) + -5?
-7
What is the value of -3 - (-6 + (1 - 4 - -2))?
4
What is the value of -1 + -1 + (1 - (0 + 6))?
-7
Evaluate (-5 - 5) + (9 - 4).
-5
3 + -4 + 2 + 1 - -1
3
Calculate 13 - -4 - (12 + -1).
6
Evaluate 8 - 1 - (-9 + 14 - 3).
5
2 + 0 + -2 + -2
-2
Evaluate 124 + -119 + (1 - (-3 + 1)).
8
Calculate -1 + 3 - (2 + -4).
4
Calculate (-8 - (-1 + -6)) + 7.
6
What is (1 - 2) + -2 - (-3 - -3)?
-3
What is 5 + -1 + -4 - 4?
-4
What is the value of 6 + (-1 - 1 - -4) + -3?
5
Calculate 0 + 0 - (-1 + 3 + -1).
-1
Evaluate -34 + 46 - (3 - 1 - -4).
6
-6 + 3 + -1 - -4 - -3
3
What is -7 - (4 - (3 - -5))?
-3
4 - (0 - 4 - (-3 + 0))
5
Evaluate 1 + -8 + 3 + -1 + 3.
-2
Evaluate 0 - (-2 - (2 + -1)).
3
4 + (-6 - (2 - 3))
-1
-5 + 1 - (-102 - -91)
7
Calculate -2 + (7 - (-3 - -5)).
3
What is -3 + (-3 - (1 - (3 - 0)))?
-4
What is the value of (-134 - -127) + 4 + (2 - 1)?
-2
Evaluate 8 + (-5 + 10 - 11) - -4.
6
Evaluate (-27 - -25) + (0 - 2).
-4
What is (-16 - -31 - 30) + (-1 - -8)?
-8
Evaluate -5 + (4 - 2) + -1 + 8.
4
Evaluate -2 - (2 - 6) - -2.
4
What is the value of 8 + -8 + (-7 - -10)?
3
Calculate (9 - 5) + -6 - 4 - -2.
-4
What is 2 - (-1 + -4 + 14 + -4)?
-3
What is 1 - (2 + -7 - (-44 - -45))?
7
-6 + 25 - -5 - 15
9
What is 1 + -4 + -5 + 5?
-3
What is (3 - 1) + (-1 - (-6 - -2))?
5
Evaluate (-1 + -3 + 4 - -1) + -1.
0
What is 7 + (0 - 6) - 3?
-2
2 + (1 - (6 - 4))
1
(4 - 5 - 0) + 2 + -4
-3
What is the value of 179 + -179 - (2 - (0 + 9))?
7
6 + -2 - (-7 + 16)
-5
What is 15 - (-8 - (-34 - -13))?
2
What is the value of -4 - -1 - (12 - (14 + 8))?
7
Evaluate (5 - 7) + (-3 - (0 + -8)).
3
What is 2 + 6 + -10 + 9?
7
Calculate 8 + -21 + 3 + 2.
-8
Calculate 1 + -2 + 4 - (12 + -9).
0
What is 2 - ((-5 + 1 - -1) + 5)?
0
-4 + 16 + -19 + 4 + -1
-4
What is -2 + 1 - 1 - -1?
-1
(-2 - -1) + 2 + -1
0
Calculate 5 + (-1 - 1) + -2 + -4.
-3
Calculate 3 - -4 - (24 - 15).
-2
What is the value of 2 - (9 + 1 + -4)?
-4
What is 2 + -7 + (1 - -16 - 21)?
-9
What is (13 - 10) + 15 - 10?
8
What is 0 + 2 + (-3 - 0)?
-1
What is 2 - (6 + (-5 + 1 - -4))?
-4
What is 2 + -3 + 4 - (6 - -2)?
-5
Evaluate -7 + 12 + -2 + -2 - 4.
-3
3 + -5 + (0 - 1) - -10
7
Calculate -7 + 14 + (-5 - 9).
-7
What is the value of (-4 - (-4 - 1)) + -2 + 0?
-1
What is -6 + (0 - (-18 + (7 - 4)))?
9
(-5 - -14) + -6 + -6
-3
What is the value of (9 - 10 - (-1 + 2)) + -2?
-4
Calculate 9 + (1 - 9) - 2.
-1
Evaluate 3 + 2 + -1 - (445 + -439).
-2
Calculate -7 + 10 + -6 - -3.
0
Calculate -10 - ((7 - 4) + -9).
-4
What is the value of 0 - (-5 + 0 + 2)?
3
What is the value of (1 - (-2 + 0)) + -5 + -2?
-4
Evaluate 4 + (5 + -10 - 3).
-4
5 - ((-5 - -3) + 13 + -4)
-2
What is the value of -1 + 2 - (-13 + 2 - -7)?
5
What is the value of -3 - -3 - -2 - 5?
-3
Calculate -3 - (2 + -10 - -5).
0
What is 6 - (4 - -2 - 0)?
0
Evaluate (4 + -3 - 2) + 10 + -4.
5
What is -11 - (0 + -13 + 7)?
-5
Evaluate -6 + 14 + -4 + -6.
-2
Evaluate -6 + -9 + 13 - 5.
-7
Calculate (-10 - -8) + -9 - -4.
-7
What is the value of -6 + 1 + (2 - 2) + 2?
-3
Calculate 3 + 0 + -4 + 2 + 1.
2
What is the value of (7 - 12) + 10 + -2?
3
What is 17 + -22 + (4 - -2)?
1
Evaluate 0 - (-2 - (-5 - -1) - -1).
-3
1 + -1 + -2 - 3
-5
What is the value of 1 + 1 + (-2 - (7 + -5))?
-2
Calculate -4 + 1 + (1 - -7).
5
Calculate 10 - (-5 + (10 - 5)).
10
What is 2 + 4 + 4 + -3?
7
-1 - 1 - (-2 - 1) - 6
-5
What is -5 + 2 + 4 + -6?
-5
Calculate (13 - 8) + -2 + 2.
5
Calculate -22 + -1 - -15 - (0 - 6).
-2
Evaluate (2 - -3 - 3) + (2 - 0).
4
Evaluate (6 - (-1 + (2 - -1))) + -1.
3
Calculate 5 + -8 + (3 - (0 - 0)).
0
(2 - 1) + (-8 - -1) + 3
-3
-1 + (5 - (2 - (-6 + 5)))
1
What is 0 + -7 - (17 - 28)?
4
Evaluate -1 + 1 - (-3 + (0 - 1)).
4
What is the value of 6 - -2 - (32 - 19)?
-5
Evaluate -9 + (-1 + -4 - (1 - 10)).
-5
Calculate (15 - 3) + -8 + 2 + 0.
6
-3 + (6 - 3) + -3 + -2
-5
Evaluate 6 - (8 - (0 + 7)).
5
Calculate -5 + 4 - (-1 + -2).
2
Evaluate 6 + 0 + 0 + -2.
4
Calculate -12 + (8 - 1 - 0).
-5
(-5 - (1 - 1)) + 10
5
(2 - 2) + 0 - (14 + -11)
-3
What is -3 - (0 + (-2 - 2))?
1
What is -4 - (-1 - (2 + 2))?
1
Evaluate 0 - 3 - (2 - (-1 - -7)).
1
(1 - -5) + -4 + -6
-4
10 - (10 + -11 + 13)
-2
What is (-3 - (4 + 4)) + 7?
-4
What is -2 - (-4 + 1 + 2)?
-1
(-31 - -34) + -1 + -1
1
(1 - -9) + (14 - 18)
6
What is 2 + -1 - (8 - 7) - -11?
11
What is 0 + (0 - 2) - (-54 - -55)?
-3
Calculate 0 + (-4 - -4) + -7.
-7
Evaluate (-1 - 13) + 11 + 1 + 6.
4
What is the value of 11 - 0 - 7 - 4?
0
Evaluate -2 + -7 - -5 - 4.
-8
What is the value of -11 + (-5 + 3 - (2 - 8))?
-7
Evaluate -6 - (5 - (-1 - -12)).
0
Evaluate 6 + -3 - (0 - (0 + -2)).
1
Calculate 9 - (-11 + 15 - -1).
4
What is -6 - -6 - (0 - 2)?
2
Evaluate -3 - (-1 - 2) - (3 - 0).
-3
(-3 - (-2 - 0) - 0) + 3
2
Calculate -3 + (10 + -1 - (49 - 49)).
6
Calculate -6 + (-1 - (1 + -6)).
-2
-1 + 9 - (3 + 1)
4
Evaluate -4 + 5 + -2 + 3.
2
What is the value of -15 + 9 - (-1 - 13)?
8
3 + -3 - (4 - 0)
-4
Evaluate -3 + (13 + -4 - 1).
5
Evaluate -5 - (-4 + 0) - 2.
-3
Calculate -8 - -7 - (-3 + 0).
2
Calculate 0 + (2 + 4 - 2) - 4.
0
6 - (8 + -8 + 13)
-7
Evaluate (-4 + 3 - 3) + 5.
1
What is 4 - -3 - (12 + -10)?
5
Evaluate 11 - (30 + -2 + -8).
-9